 - 92 = 0. Let v = -24 + p. What is the tens digit of v?
1
Suppose 6190 = 18*h - 8*h. What is the hundreds digit of h?
6
Let w be -4*-3*4/3. What is the tens digit of w/6*(510/24 + -7)?
3
Suppose -13*j - 2*u - 2780 = -15*j, 0 = 3*j + u - 4162. What is the units digit of j?
8
Let p(t) = -t**3 - 7*t**2 + 8*t + 1. Let b be p(-8). Let f be (b - 3)*(1 - 3). Suppose 4*u + f*i - 204 = -0*u, -4*u - i = -207. What is the tens digit of u?
5
Suppose -221 = -2*i + 309. What is the tens digit of i?
6
Suppose 3*v - 1232 = 2143. What is the units digit of v?
5
Suppose -12 + 0 = 4*d. What is the tens digit of (-97)/d + (-7)/21?
3
Let q(k) be the first derivative of -k**4/4 + 2*k**3 + k**2/2 + 7*k - 13. What is the units digit of q(5)?
7
What is the hundreds digit of (-52 - 0)/(136/(-4148))?
5
Let a(r) = -3*r**2 + r + 145. What is the units digit of a(0)?
5
Let x = -6 + 29. Let s = 19 + x. What is the tens digit of s?
4
Suppose -x + 5*s + 24 = 0, -x - x + 4 = s. What is the hundreds digit of (9 - x/1)*(-61)/(-1)?
3
Let b(q) = -7*q - 30. Suppose -5*d - 27 - 23 = 3*t, 2*t = 2*d - 12. What is the tens digit of b(t)?
4
Suppose -2*t - 5*f + 6 = 0, 3*t - 4*f - 9 = f. Let i(p) = -p**3 + 8 + 0*p - 5*p - 6*p - t*p - 12*p**2. What is the tens digit of i(-11)?
4
Suppose -19*s + 40400 = 4300. What is the tens digit of s?
0
Suppose 3*w = 1191 - 171. What is the tens digit of w?
4
Suppose 0 = 2*k - 2*q - 14, 11 = 2*k + 5*q + 25. Let h be 31/3 + (-1)/k. Suppose 3*t + 4*m - 1 = 1, 5*m = -5*t + h. What is the units digit of t?
6
Suppose -4*m = o - 223, 0 = -o + 1 - 2. What is the tens digit of (m/(-70))/(2/(-140))?
5
Let r be (2 - 5)*(-2 - -3). Let c(i) = -9*i + 1. Let v be c(r). Suppose s = -4*s + 3*g + 140, -s + 2*g + v = 0. What is the units digit of s?
8
Let r = -1079 + 1802. Suppose -3*i + 3*d - r = -7*i, 0 = -2*d + 2. What is the hundreds digit of i?
1
Let k = -41 - -469. What is the tens digit of k?
2
Let a(r) = r**3 + 43*r**2 - 74*r - 13. What is the units digit of a(-43)?
9
Suppose s = 3*c + 90, -3*s - 14*c = -18*c - 245. What is the tens digit of s?
7
What is the hundreds digit of 32/(-3)*3969/(-126)?
3
Let f be (668 + -3)/5 - 1. Suppose 2*c - f = -2*c. What is the units digit of c?
3
What is the thousands digit of 1/(-3) + 83125/57?
1
Suppose 0 = -7*a + 15*a - 8960. What is the tens digit of a?
2
Suppose -8*g + 840 = 4*g. What is the units digit of g?
0
Suppose -4*i = 2*o - 18, 4*i + 0*o - 2*o = 22. Suppose -a + 0*d = -d - 196, -i*a + 987 = 2*d. What is the units digit of a?
7
Let l(m) = m**3 - 5*m**2 - 8*m + 9. Let u = 21 + -15. Let w be l(u). What is the units digit of -2 - (-1)/(w/(-39))?
1
Let r be (8/3)/(4/6). Suppose 3 + 5 = r*t. What is the units digit of t/1 - (0 - 3)?
5
Let z(b) = -13*b + 2. Let v be z(-2). Let k(p) = -p**2 + 17*p + 102. Let r be k(22). Let m = v + r. What is the units digit of m?
0
Suppose -o + 3*g + 3304 = 0, -16440 = 16*o - 21*o - 5*g. What is the units digit of o?
2
Let w = -11 - -43. Suppose -4*u - 4*v = -96, v + 2*v - w = -u. What is the units digit of (-1 - 1)*(-10)/u?
1
Suppose 0 = 3*b - 165 - 27. Suppose b*a + 788 = 68*a. What is the hundreds digit of a?
1
Suppose 10 = 2*v + 8. Let z(f) = 20*f**3 + f**2 - f. Let t be z(v). Suppose -t = -r - 2. What is the tens digit of r?
1
Let h(r) = -r**3 + 30*r**2 - 61*r - 53. What is the hundreds digit of h(27)?
4
Let x = 48 + 1123. What is the thousands digit of x?
1
Let c = 14 - 98. Let o = c - -163. What is the units digit of o?
9
Suppose 3*q = -0*q + 15. Let t be 351/15 - 2/q. Suppose -f + t = 12. What is the units digit of f?
1
Suppose -35281 - 22511 = -28*k. What is the hundreds digit of k?
0
Let y = 62 - 59. Suppose -2*z - 5*g - 222 = -y*z, 3*z = 4*g + 644. What is the units digit of z?
2
Suppose 0 = d + 3, 2*d - d = 5*k + 177. Suppose -4*b + q + 53 - 14 = 0, q = -3. What is the units digit of 583/b - k/162?
5
Let i(k) = 3*k**2 + 8*k + 1. Let w = 43 - 39. What is the units digit of i(w)?
1
Let j be 1*(3 - 0)*2. Let i = j - 2. Suppose 36 = 4*y - i*p, -9 = 2*y + 4*p - 3. What is the units digit of y?
5
Let h(r) = r**3 + 9*r**2 + 9*r + 11. Let v be h(-8). Suppose -v*l - 9 = -6*l. Suppose 0 = -l*b - 3*z + 24, 0 = b + z + 2*z - 2. What is the units digit of b?
1
Let n = -34 + 38. Suppose -3*s = n*s - 21. What is the units digit of s?
3
Let f = -1344 - -1673. What is the tens digit of f?
2
Suppose 4*c + 147*u - 10254 = 152*u, -4*u = -5*c + 12822. What is the units digit of c?
6
Let h = -18 - -24. Suppose -h*b = -474 - 276. What is the hundreds digit of b?
1
Let h = 735 - 566. What is the hundreds digit of h?
1
Suppose 2*c = -2*c + 1052. Suppose 2*b - 15 = -3*d + 93, -10 = -5*d. Suppose 4*t = c - b. What is the tens digit of t?
5
Suppose 0 = 2*b - 2 - 8. Suppose b*i = 2*i + 252. What is the tens digit of i?
8
Suppose -5*v + 3*p + 147 = 0, -7*v + 88 = -4*v - 2*p. What is the units digit of v + 10/(20/4)?
2
Suppose 7*x = -30 - 5. What is the tens digit of (x/(10/3))/((-5)/170)?
5
Let x = -264 - -640. What is the hundreds digit of x?
3
Let c(b) = b**3 - 3*b**2 - 12*b + 6. Let s be c(5). Let f be (-6 + 1)*12/(-15). What is the tens digit of (-16)/f*31/s?
3
Let q(n) = 32*n**2 + 5*n + 5. What is the hundreds digit of q(-2)?
1
Let u(h) = h**2 + 6*h - 11. Let l be u(-8). Suppose -3*p + 3*x + 2*x = -88, x + 132 = l*p. What is the units digit of p?
6
Suppose -4*u + 0*u = 60. Suppose 0 = -3*k + 5*n + 61 + 81, -3*n + 141 = 4*k. Let o = u + k. What is the tens digit of o?
2
Let x(o) = o**2 + 7*o - 3. Let s be x(-7). Let c(i) = i**2 + i - 1. Let v be c(s). Suppose -35 = -4*j - v*n + 29, 5*n = 4*j - 104. What is the units digit of j?
1
What is the tens digit of (-24)/420 + (-7527)/(-35)?
1
Suppose 1 = 3*a - 5. Suppose 9 = a*v + 3. Suppose 0 = -3*h + 4*t + 16, 6*t - 27 = -h + v*t. What is the tens digit of h?
1
Let o(w) = 3*w**2 + 11*w + 14. Suppose 15*p + 18 = 12*p. What is the tens digit of o(p)?
5
Suppose -3*g + 42 = 4*z, z - 4*g + 44 = 5*z. What is the units digit of z?
9
Suppose -15 = 5*h - 4*i - 63, h - 4*i - 16 = 0. Let u = -4 + h. Suppose 3*b + 3*c - 74 = 2*b, 3*c + 236 = u*b. What is the units digit of b?
2
Let r be 3098/8 + -1 - (-3)/4. Suppose -3*m - 123 + r = 0. What is the tens digit of m?
8
What is the hundreds digit of 2/(16/(-3592))*-1?
4
Suppose 320 = -5*y + 4*v, 5*y + 5*v - 265 = 9*y. What is the tens digit of (1280/y)/(4/(-6))?
3
Let k be (-3)/(-2)*(-36)/(-27). Let i(y) = -2*y**3 - 4 + k*y**3 + y**3 - 3 - 7*y**2 - 7*y. What is the units digit of i(8)?
1
Let m = -14 + 8. Let n(u) = u**2 + 7*u + 6. Let d be n(m). Suppose d = 2*x - 6*x + 56. What is the units digit of x?
4
Suppose 0 = -6*o + 22 - 4. Suppose -16 + 73 = o*b. Let u = b - 16. What is the units digit of u?
3
Suppose -r + 79 = -150. Suppose -4*l + 7*m = 2*m - r, 2*l + m - 97 = 0. What is the tens digit of l?
5
Let k(z) = 1 - 40*z**2 + 205*z**2 - 3 + 64*z**2 + 3*z. What is the hundreds digit of k(1)?
2
Suppose 112 = 3*z - 2*q, -2*z + 5*q - 24 = -117. Let f = 40 - z. What is the units digit of f?
6
Suppose -2*a - 85 = -5*u + 503, 4*a = -2*u - 1200. Let i = a + 560. What is the tens digit of i?
6
Let i = 12 - 9. Suppose -5*z + 27 = v, -i*z - v = 2*v - 9. Suppose -z*b + 64 = -2*b. What is the units digit of b?
6
Let n(s) be the second derivative of -2*s**4/3 - 2*s**3/3 - 2*s**2 - 2*s. Let z be n(4). What is the units digit of 1/(0 - 4/z)?
7
What is the tens digit of -35*(-1080)/(-28)*-2?
0
Let z be 6 + 1*(0 - 1). Suppose -z*w + 0*k - 3*k + 160 = 0, -w + k + 40 = 0. What is the units digit of w?
5
Suppose 0 = -r + 5*v + 742 + 192, 0 = r - 3*v - 936. What is the tens digit of r?
3
Suppose 4*w + 0*w = -20. What is the tens digit of ((-66)/(-24) + w)/((-1)/40)?
9
Let s = 3 + 5. Suppose 0 = -s*k + 2*k - 264. Let i = k - -69. What is the units digit of i?
5
Let m be -52 - (4 + 0)/(-4). Let c = m - -202. What is the hundreds digit of c?
1
Let s(q) = -182*q**3 - 2*q - 3. Let u(a) = -181*a**3 - 2*a - 2. Let f(h) = 4*s(h) - 5*u(h). Let y be f(1). Suppose -4*c + c = -y. What is the tens digit of c?
5
Let a(l) be the first derivative of -l**3/3 - l**2/2 + 5*l - 6. Let i be a(0). Suppose -2 + 10 = i*c + 2*u, 3*c = -5*u + 1. What is the units digit of c?
2
Suppose -v = -7*v. Suppose -q = i - 6*i - 12, -4*i - q - 15 = v. What is the tens digit of 